prime factors of 513.
3, 19
What are the prime factors of 769?
769
What are the prime factors of 15993?
3, 1777
List the prime factors of 4420.
2, 5, 13, 17
List the prime factors of 41684.
2, 17, 613
What are the prime factors of 3506?
2, 1753
List the prime factors of 25688.
2, 13, 19
List the prime factors of 4958.
2, 37, 67
List the prime factors of 2948.
2, 11, 67
List the prime factors of 704.
2, 11
List the prime factors of 30.
2, 3, 5
What are the prime factors of 141701?
7, 31, 653
What are the prime factors of 23208?
2, 3, 967
What are the prime factors of 6229?
6229
What are the prime factors of 2869?
19, 151
What are the prime factors of 16608?
2, 3, 173
List the prime factors of 4590.
2, 3, 5, 17
List the prime factors of 4997.
19, 263
List the prime factors of 2681.
7, 383
List the prime factors of 96210.
2, 3, 5, 1069
What are the prime factors of 3601?
13, 277
List the prime factors of 14209.
13, 1093
What are the prime factors of 12400?
2, 5, 31
What are the prime factors of 3944?
2, 17, 29
List the prime factors of 500.
2, 5
List the prime factors of 782.
2, 17, 23
What are the prime factors of 5585?
5, 1117
List the prime factors of 17042.
2, 8521
List the prime factors of 22.
2, 11
List the prime factors of 1161.
3, 43
List the prime factors of 1071.
3, 7, 17
What are the prime factors of 10900?
2, 5, 109
What are the prime factors of 5564?
2, 13, 107
What are the prime factors of 24760?
2, 5, 619
What are the prime factors of 37924?
2, 19, 499
What are the prime factors of 11971?
11971
List the prime factors of 1986.
2, 3, 331
What are the prime factors of 59155?
5, 11831
List the prime factors of 719.
719
List the prime factors of 457.
457
What are the prime factors of 4465?
5, 19, 47
List the prime factors of 3284.
2, 821
What are the prime factors of 69?
3, 23
What are the prime factors of 119021?
7, 347
What are the prime factors of 2284?
2, 571
List the prime factors of 102039.
3, 7, 43, 113
List the prime factors of 52754.
2, 13, 2029
What are the prime factors of 4004?
2, 7, 11, 13
What are the prime factors of 114229?
114229
What are the prime factors of 1031?
1031
List the prime factors of 2753.
2753
What are the prime factors of 1792?
2, 7
List the prime factors of 9526.
2, 11, 433
What are the prime factors of 3591?
3, 7, 19
List the prime factors of 1213.
1213
List the prime factors of 2272.
2, 71
What are the prime factors of 4693?
13, 19
What are the prime factors of 3233?
53, 61
List the prime factors of 3049.
3049
List the prime factors of 6865.
5, 1373
List the prime factors of 2987.
29, 103
List the prime factors of 93308.
2, 23327
List the prime factors of 2325.
3, 5, 31
List the prime factors of 1682.
2, 29
List the prime factors of 8403.
3, 2801
List the prime factors of 174.
2, 3, 29
List the prime factors of 6013.
7, 859
List the prime factors of 431.
431
List the prime factors of 65771.
89, 739
What are the prime factors of 13910?
2, 5, 13, 107
List the prime factors of 8614.
2, 59, 73
What are the prime factors of 984?
2, 3, 41
List the prime factors of 1400.
2, 5, 7
What are the prime factors of 2578?
2, 1289
List the prime factors of 3378.
2, 3, 563
What are the prime factors of 1534?
2, 13, 59
What are the prime factors of 985?
5, 197
List the prime factors of 3510.
2, 3, 5, 13
What are the prime factors of 41559?
3, 7, 1979
What are the prime factors of 135687?
3, 31, 1459
List the prime factors of 9823.
11, 19, 47
List the prime factors of 7481.
7481
List the prime factors of 6573.
3, 7, 313
List the prime factors of 3676.
2, 919
What are the prime factors of 123?
3, 41
List the prime factors of 1828.
2, 457
List the prime factors of 1021.
1021
What are the prime factors of 7007?
7, 11, 13
What are the prime factors of 9291?
3, 19, 163
List the prime factors of 1087.
1087
What are the prime factors of 4290?
2, 3, 5, 11, 13
List the prime factors of 17709.
3, 5903
What are the prime factors of 214?
2, 107
List the prime factors of 469.
7, 67
What are the prime factors of 174?
2, 3, 29
List the prime factors of 8923.
8923
What are the prime factors of 24590?
2, 5, 2459
What are the prime factors of 1506?
2, 3, 251
List the prime factors of 1344.
2, 3, 7
List the prime factors of 34917.
3, 103, 113
What are the prime factors of 37959?
3, 12653
What are the prime factors of 1144?
2, 11, 13
What are the prime factors of 447?
3, 149
What are the prime factors of 887?
887
What are the prime factors of 8684?
2, 13, 167
What are the prime factors of 4138?
2, 2069
What are the prime factors of 559?
13, 43
What are the prime factors of 122809?
127, 967
What are the prime factors of 1944?
2, 3
List the prime factors of 102502.
2, 53, 967
List the prime factors of 6088.
2, 761
List the prime factors of 8503.
11, 773
List the prime factors of 1320.
2, 3, 5, 11
What are the prime factors of 7161?
3, 7, 11, 31
What are the prime factors of 120?
2, 3, 5
List the prime factors of 9074.
2, 13, 349
List the prime factors of 96519.
3, 32173
What are the prime factors of 1353?
3, 11, 41
What are the prime factors of 811?
811
List the prime factors of 63719.
63719
What are the prime factors of 3168?
2, 3, 11
List the prime factors of 1857.
3, 619
What are the prime factors of 12386?
2, 11, 563
List the prime factors of 268.
2, 67
What are the prime factors of 32726?
2, 16363
List the prime factors of 97198.
2, 23, 2113
What are the prime factors of 81?
3
What are the prime factors of 26222?
2, 7, 1873
What are the prime factors of 79011?
3, 8779
List the prime factors of 804.
2, 3, 67
List the prime factors of 3356.
2, 839
What are the prime factors of 1677?
3, 13, 43
List the prime factors of 96907.
96907
What are the prime factors of 1853?
17, 109
What are the prime factors of 12549?
3, 47, 89
List the prime factors of 6648.
2, 3, 277
What are the prime factors of 5364?
2, 3, 149
What are the prime factors of 4758?
2, 3, 13, 61
List the prime factors of 27719.
53, 523
List the prime factors of 161274.
2, 3, 26879
What are the prime factors of 19586?
2, 7, 1399
What are the prime factors of 964?
2, 241
List the prime factors of 4528.
2, 283
What are the prime factors of 1432?
2, 179
What are the prime factors of 26847?
3, 19, 157
What are the prime factors of 4879?
7, 17, 41
What are the prime factors of 2376?
2, 3, 11
What are the prime factors of 5603?
13, 431
What are the prime factors of 2423?
2423
What are the prime factors of 844?
2, 211
What are the prime factors of 10733?
10733
What are the prime factors of 5636?
2, 1409
What are the prime factors of 1298?
2, 11, 59
List the prime factors of 2741.
2741
What are the prime factors of 9710?
2, 5, 971
List the prime factors of 6805.
5, 1361
List the prime factors of 8417.
19, 443
List the prime factors of 437.
19, 23
List the prime factors of 6056.
2, 757
What are the prime factors of 8151?
3, 11, 13, 19
What are the prime factors of 94308?
2, 3, 29, 271
What are the prime factors of 11258?
2, 13, 433
What are the prime factors of 303?
3, 101
List the prime factors of 21217.
7, 433
List the prime factors of 3803.
3803
List the prime factors of 641.
641
What are the prime factors of 138634?
2, 69317
What are the prime factors of 22626?
2, 3, 419
List the prime factors of 1104.
2, 3, 23
What are the prime factors of 930?
2, 3, 5, 31
What are the prime factors of 6827?
6827
List the prime factors of 130837.
7, 18691
List the prime factors of 12625.
5, 101
List the prime factors of 85342.
2, 71, 601
List the prime factors of 50202.
2, 3, 2789
What are the prime factors of 62994?
2, 3, 10499
List the prime factors of 19861.
19861
List the prime factors of 856.
2, 107
List the prime factors of 454.
2, 227
List the prime factors of 626.
2, 313
What are the prime factors of 177436?
2, 7, 6337
What are the prime factors of 3763?
53, 71
What are the prime factors of 110?
2, 5, 11
What are the prime factors of 705?
3, 5, 47
What are the prime factors of 211?
211
What are the prime factors of 159?
3, 53
List the prime factors of 645.
3, 5, 43
List the prime factors of 42811.
31, 1381
What are the prime factors of 418?
2, 11, 19
What are the prime factors of 15379?
7, 13
List the prime factors of 59.
59
List the prime factors of 2427.
3, 809
List the prime factors of 2